- 5 = -3*g, 3*g = -4*q - 20. Let c be (7 - g)*8/14. Suppose 0 = -4*y - 4*o + 236, -5*o + c*o - 4 = 0. What are the prime factors of y?
3, 7
Let j(k) = -k**2 + 232*k - 610. List the prime factors of j(91).
11, 101
Let p be 2/4 + 20/8. Let t = 95 + -91. Suppose t*r = p*z + 2*z - 887, -2*z = -2*r - 354. What are the prime factors of z?
179
Let w(p) = -99*p**2 + 4. Let c be w(2). Let r = -55 - c. List the prime factors of r.
337
Suppose -80 = z - 2*s, 0 = 2*s + 9 + 1. Let c = z - -318. List the prime factors of c.
2, 3, 19
Suppose 155*s - 152*s + 136360 = 2*q, -2*s = -5*q + 340856. What are the prime factors of q?
2, 8521
Suppose 3*r = 4*d - 179, -216 = -5*d + 2*r - 6*r. Suppose d = 5*f - 1. List the prime factors of (27/(-12))/(f/(-408)).
2, 3, 17
Suppose -4*a + 8*a = 3*z - 8774, 4*z - 11701 = 3*a. Let f = z + -1940. What are the prime factors of f?
2, 17, 29
Suppose -302*s - 1278 = -299*s. Let n = s + 1243. What are the prime factors of n?
19, 43
Let n be (2072/(-35))/((-4)/10). Let y = -112 + n. List the prime factors of y.
2, 3
What are the prime factors of 6 + 7/(7/1992) + (5 - -1)?
2, 3, 167
What are the prime factors of ((-30)/(-35)*-5366)/(2*10/(-210))?
2, 3, 2683
Suppose 7*f + 3*f + 3960 = 0. Let k = f - -156. List the prime factors of (-15)/5 - k/3.
7, 11
Let r = 363 - 365. What are the prime factors of 2 - 5/(r + (-585)/(-295))?
3, 11
Let z be -8*(-1)/6*3. Suppose -5*m = z*o + o - 725, 0 = m - 4*o - 150. Suppose 7*n - 601 + m = 0. List the prime factors of n.
5, 13
Let k = -235 + 235. Suppose 2*n - 7*n + 4*r + 1130 = 0, -n - 2*r + 226 = k. List the prime factors of n.
2, 113
Let i = -1769 - -799. List the prime factors of 1*-1 + i/(-10).
2, 3
Suppose 74 = u - 3*i - 0*i, -u + 34 = 5*i. Let t = u + -56. Suppose 22 = -t*l + 112. List the prime factors of l.
2, 3, 5
List the prime factors of ((-43704)/(-204) - -12)*17.
2, 3, 641
Suppose -2*r - 3*u - 934 = -2*u, 2*r = 3*u - 918. Let z = 830 + r. Suppose 20 + z = 5*l. What are the prime factors of l?
7, 11
Suppose -2*i = -35*g + 36*g - 56299, 2*i - 844401 = -15*g. List the prime factors of g.
41, 1373
Let v be 1*((-9 - -5) + 6) + 546. Suppose -33*l + 16058 - v = 0. List the prime factors of l.
2, 5, 47
Let m(y) = 1551*y + 3874. What are the prime factors of m(11)?
5, 53, 79
Let r(a) = a**2 + 7*a - 5. Let j be r(-19). Suppose -2*h + j = 19. List the prime factors of 1 + (2 - (-12)/(-4)) + h.
2, 3, 17
Let r = 42440 + -19419. What are the prime factors of r?
23021
Let n(g) be the second derivative of -25*g**4/12 + 5*g**3/6 + 3*g**2 + 29*g. Let j be n(8). List the prime factors of 8/(-20) + j/(-10).
5, 31
Let r(t) = 14*t + 18. Let w(x) = -x**2 + 3*x + 7. Let y be w(4). Let c be r(y). Let v = 104 - c. List the prime factors of v.
2, 11
Suppose -137611 - 99410 = -20*g + 65639. List the prime factors of g.
37, 409
Let o = -76 + 78. Suppose o*i = 2*j - 2, -2*i + 3*i - 1 = 0. Suppose -59*p + 58*p = -j. What are the prime factors of p?
2
Let y = -42575 - -92240. What are the prime factors of y?
3, 5, 7, 11, 43
Suppose 4*m + 16*m = 80. Suppose -10 = -3*p - 2*i + 12, -m*i + 28 = 2*p. Suppose -3*k + 332 = -q, -5*k - p*q + 576 = -0*q. List the prime factors of k.
2, 7
Let a(b) = -3*b**3 - 5*b**2 + 25*b - 16. Let j be a(-8). Let p = j + -347. List the prime factors of p.
653
Suppose 2*m = -5*q + 4*q + 217, -m - 895 = -4*q. Let n = -135 + q. What are the prime factors of n?
2, 11
Let f be 115*7/70*-2. Let j be 484/2 - (-3 - -6). Let q = j + f. List the prime factors of q.
2, 3
Let g = -13 - -576. Suppose -5*x + 21 = 6. Suppose -5*o = -5*p + 730, -x*p - p - 3*o = -g. What are the prime factors of p?
11, 13
List the prime factors of 0*10/30 + 1 + 2032.
19, 107
Let m = 35162 + -9995. What are the prime factors of m?
3, 8389
Let a(k) = -k**2 - 45*k + 38. Let u = 204 + -232. List the prime factors of a(u).
2, 257
Let z be -1*(3 + 4*6/(-8)). Suppose r - m - 1232 = 0, 4*m - 1217 = -r - z*m. What are the prime factors of r?
1229
Suppose 2*p - 2 = 6. Suppose p*c = k - 142, -6*c = -c + 15. Suppose -g = -4*n - 136, g + k = 2*g - n. List the prime factors of g.
2
Let v be (-6647)/85 + (-8)/10. Let f = v - -107. Let y = 8 + f. List the prime factors of y.
2, 3
Let y(q) = 8*q + 44. Let v be y(0). Suppose -47 = -h - v. List the prime factors of ((-74)/6 + -3)*h/(-1).
2, 23
Let r be 2/11 - (-336)/(-33). Let p = r + 10. Suppose -3*q + d + 134 + 5 = p, -4*q = -4*d - 196. List the prime factors of q.
3, 5
Let h = 18090 + 17493. What are the prime factors of h?
3, 29, 409
Suppose 4*m + 3 + 1 = 0. Let l be (4 - 1)/m + 223. Suppose -10*g + 15*g - l = 0. List the prime factors of g.
2, 11
Suppose -24*a + 10552 = -34088. List the prime factors of a.
2, 3, 5, 31
Let f(y) = y**2 + 18*y - 15. Let k be f(7). Let l = k - -99. What are the prime factors of l?
7, 37
Suppose -4*f = -2*x + 6658, 2*x + 0*x = 5*f + 6663. What are the prime factors of x?
3319
Suppose 0 = 3*y + 6 - 3, 0 = 4*d + y + 1. Suppose 3926 + 97 = 9*z. Suppose 5*o - z + 102 = d. What are the prime factors of o?
3, 23
Let g = 68 - 62. Suppose -12*l = -g*l - 684. Let c = l + -57. List the prime factors of c.
3, 19
Let k = -156 + 156. Suppose k = 5*a + 25, -3*f + a = -505 - 859. List the prime factors of f.
3, 151
List the prime factors of ((714/(-70))/(-1))/(3/5210).
2, 17, 521
Let g(a) = 387*a - 131. What are the prime factors of g(17)?
2, 13, 31
Let m(q) = -q - 4. Let w = 13 - 22. Let s be m(w). Suppose 3*t + s*u - 148 = 209, 595 = 5*t + 2*u. List the prime factors of t.
7, 17
Suppose 391726 = 80*c - 64*c + 28846. What are the prime factors of c?
2, 3, 5, 7
Let b(w) = 2*w**3 - 17*w**2 - 25*w + 21. Let a(l) = 3*l**3 - 26*l**2 - 37*l + 32. Let h(m) = -5*a(m) + 7*b(m). Let c = -27 + 38. List the prime factors of h(c).
97
Let p = 61 + -59. Let j be ((42/(-7))/(-6))/(p/10). Suppose 0 = -8*x + 3*x - 4*u + 163, 41 = x + j*u. List the prime factors of x.
31
Let i(a) = 40*a - 66. Let v(q) = -8*q + 13. Let g(z) = 3*i(z) + 16*v(z). Let w be g(-18). Let m = -15 + w. What are the prime factors of m?
139
Let m be 2 + -2 - (-2*585)/(-3). Let j = m + 256. Let b = 104 - j. List the prime factors of b.
2, 7, 17
Suppose 3318 = 14*w - 4760. Let x = w + -326. What are the prime factors of x?
251
Suppose -291*d = -295*d + 8. Suppose 4*c = -4*q + d*q + 1648, 5*q + 5*c - 4145 = 0. What are the prime factors of q?
2, 3, 139
Let s(i) = i**2 + 7*i - 10. Suppose 10*d = -84 - 56. Let v = -24 - d. List the prime factors of s(v).
2, 5
Suppose 5*n + 11*k - 86170 = -28751, -34462 = -3*n + 4*k. List the prime factors of n.
2, 5743
Let i = -13323 + 34805. List the prime factors of i.
2, 23, 467
Suppose 38*l - 26*l = 0. Suppose l = 15*k + 26*k - 42517. List the prime factors of k.
17, 61
Let d be ((-6)/5)/(36/1320). Let a = -40 - d. Suppose -3*n = 5*h - 39, -a*n + 9 + 3 = 0. What are the prime factors of h?
2, 3
Let h(k) = 640*k + 1672. Let y(v) = -128*v - 334. Let w(s) = -3*h(s) - 14*y(s). List the prime factors of w(-16).
2, 7, 61
Suppose -l - 3*w + 5749 = 0, 7*l + 17247 = 10*l + 5*w. List the prime factors of l.
5749
Let m = 2001 + 54. Suppose 3*l - m + 720 = 0. What are the prime factors of l?
5, 89
Let w = 14959 - -13645. List the prime factors of w.
2, 7151
Let r be ((-4)/(-10))/((-14)/140). What are the prime factors of (-2)/(-14)*r - 629280/(-504)?
2, 3, 13
Let d(b) = 1171*b**2 - 12*b + 17. What are the prime factors of d(2)?
3, 1559
Let d = -66 + 76. Let g be d + -10 + 147/1. Suppose g - 34 = q. What are the prime factors of q?
113
Let v(z) = 78*z**2 - 94*z - 689. What are the prime factors of v(-7)?
17, 223
Let q(p) = -p**3 + 7*p**2 + 5*p - 5. Let h be q(7). Let n be (-1)/((-5)/h*3). Suppose -n*a + 228 = 4*z, -488 = -5*a - 2*z + 90. List the prime factors of a.
2, 29
Suppose -3*h = -2*c + 23, -2*h - 2 = 3*c - c. What are the prime factors of 0 + (12 - c - 3) + 471?
2, 7, 17
Suppose 0 = -22*d + 11*d + 22. List the prime factors of -7 - (0 - d) - (-3220)/10.
317
Let w(h) = -3*h + 3. Let l(y) = 8*y - 8. Let a(p) = -4*l(p) - 11*w(p). Let o = 103 + -99. What are the prime factors of a(o)?
3
Let h(c) = c**3 - 15*c**2 + c - 24. Let n be h(15). Let b(m) = -m**2 - 24*m + 1. What are the prime factors of b(n)?
2, 17
Let i(m) = -5*m. Let c be i(0). Suppose c = -21*n - 273 + 1050. What are the prime fac